 275 is divided by 21?
2
Calculate the remainder when 302 is divided by 33.
5
Calculate the remainder when 1783 is divided by 15.
13
What is the remainder when 9138 is divided by 122?
110
Calculate the remainder when 69 is divided by 10.
9
Calculate the remainder when 1160 is divided by 72.
8
What is the remainder when 803 is divided by 77?
33
Calculate the remainder when 638 is divided by 8.
6
Calculate the remainder when 383 is divided by 100.
83
What is the remainder when 1323 is divided by 27?
0
Calculate the remainder when 1822 is divided by 380.
302
What is the remainder when 27 is divided by 7?
6
Calculate the remainder when 51 is divided by 29.
22
What is the remainder when 551 is divided by 50?
1
Calculate the remainder when 521 is divided by 59.
49
Calculate the remainder when 362 is divided by 176.
10
What is the remainder when 50 is divided by 3?
2
Calculate the remainder when 91 is divided by 11.
3
What is the remainder when 527 is divided by 16?
15
Calculate the remainder when 677 is divided by 62.
57
What is the remainder when 188 is divided by 21?
20
What is the remainder when 639 is divided by 167?
138
Calculate the remainder when 1304 is divided by 217.
2
What is the remainder when 259 is divided by 232?
27
Calculate the remainder when 307 is divided by 26.
21
What is the remainder when 163 is divided by 102?
61
What is the remainder when 62 is divided by 19?
5
Calculate the remainder when 109 is divided by 5.
4
Calculate the remainder when 1895 is divided by 319.
300
Calculate the remainder when 136 is divided by 25.
11
Calculate the remainder when 57 is divided by 54.
3
Calculate the remainder when 109 is divided by 29.
22
What is the remainder when 543 is divided by 54?
3
Calculate the remainder when 41 is divided by 15.
11
What is the remainder when 679 is divided by 11?
8
Calculate the remainder when 669 is divided by 96.
93
Calculate the remainder when 474 is divided by 22.
12
What is the remainder when 200 is divided by 42?
32
Calculate the remainder when 196 is divided by 29.
22
Calculate the remainder when 4737 is divided by 83.
6
What is the remainder when 400 is divided by 124?
28
Calculate the remainder when 1022 is divided by 16.
14
Calculate the remainder when 355 is divided by 91.
82
What is the remainder when 406 is divided by 65?
16
What is the remainder when 9202 is divided by 78?
76
What is the remainder when 142 is divided by 22?
10
What is the remainder when 463 is divided by 96?
79
What is the remainder when 436 is divided by 132?
40
What is the remainder when 351 is divided by 39?
0
What is the remainder when 969 is divided by 108?
105
What is the remainder when 959 is divided by 12?
11
What is the remainder when 1049 is divided by 82?
65
What is the remainder when 155 is divided by 62?
31
Calculate the remainder when 3079 is divided by 10.
9
Calculate the remainder when 2596 is divided by 25.
21
Calculate the remainder when 358 is divided by 192.
166
What is the remainder when 6807 is divided by 9?
3
Calculate the remainder when 294 is divided by 270.
24
What is the remainder when 2842 is divided by 360?
322
What is the remainder when 869 is divided by 97?
93
What is the remainder when 4693 is divided by 23?
1
Calculate the remainder when 107 is divided by 27.
26
What is the remainder when 226 is divided by 68?
22
What is the remainder when 305 is divided by 62?
57
Calculate the remainder when 567 is divided by 164.
75
What is the remainder when 4220 is divided by 47?
37
Calculate the remainder when 2790 is divided by 149.
108
Calculate the remainder when 7779 is divided by 181.
177
Calculate the remainder when 813 is divided by 381.
51
Calculate the remainder when 4340 is divided by 311.
297
Calculate the remainder when 18155 is divided by 14.
11
What is the remainder when 197 is divided by 97?
3
What is the remainder when 701 is divided by 30?
11
Calculate the remainder when 270 is divided by 46.
40
Calculate the remainder when 31 is divided by 23.
8
Calculate the remainder when 26 is divided by 20.
6
What is the remainder when 383 is divided by 19?
3
What is the remainder when 993 is divided by 78?
57
Calculate the remainder when 10035 is divided by 13.
12
Calculate the remainder when 377 is divided by 54.
53
Calculate the remainder when 138 is divided by 10.
8
Calculate the remainder when 173 is divided by 86.
1
What is the remainder when 4217 is divided by 702?
5
What is the remainder when 556 is divided by 189?
178
Calculate the remainder when 2173 is divided by 540.
13
What is the remainder when 1502 is divided by 371?
18
Calculate the remainder when 362 is divided by 65.
37
What is the remainder when 125 is divided by 65?
60
What is the remainder when 172 is divided by 23?
11
What is the remainder when 205 is divided by 76?
53
Calculate the remainder when 46 is divided by 35.
11
Calculate the remainder when 127 is divided by 34.
25
What is the remainder when 354 is divided by 119?
116
Calculate the remainder when 508 is divided by 154.
46
What is the remainder when 713 is divided by 236?
5
Calculate the remainder when 2699 is divided by 17.
13
Calculate the remainder when 1127 is divided by 94.
93
Calculate the remainder when 2784 is divided by 2784.
0
Calculate the remainder when 2598 is divided by 173.
3
Calculate the remainder when 2819 is divided by 83.
80
Calculate the remainder when 3913 is divided by 1950.
13
Calculate the remainder when 634 is divided by 64.
58
Calculate the remainder when 240 is divided by 61.
57
Calculate the remainder when 163 is divided by 16.
3
What is the remainder when 44415 is divided by 347?
346
What is the remainder when 328 is divided by 6?
4
What is the remainder when 6270 is divided by 2083?
21
Calculate the remainder when 557 is divided by 93.
92
What is the remainder when 5363 is divided by 1338?
11
What is the remainder when 607 is divided by 76?
75
Calculate the remainder when 608 is divided by 15.
8
Calculate the remainder when 5107 is divided by 12.
7
Calculate the remainder when 22151 is divided by 22.
19
Calculate the remainder when 266 is divided by 129.
8
Calculate the remainder when 3694 is divided by 18.
4
What is the remainder when 1221 is divided by 407?
0
What is the remainder when 19 is divided by 2?
1
What is the remainder when 946 is divided by 79?
77
What is the remainder when 3363 is divided by 116?
115
Calculate the remainder when 636 is divided by 11.
9
What is the remainder when 8 is divided by 6?
2
Calculate the remainder when 3342 is divided by 87.
36
Calculate the remainder when 289 is divided by 42.
37
Calculate the remainder when 53 is divided by 14.
11
Calculate the remainder when 4136 is divided by 258.
8
What is the remainder when 231 is divided by 149?
82
Calculate the remainder when 38 is divided by 23.
15
What is the remainder when 1761 is divided by 301?
256
What is the remainder when 2273 is divided by 15?
8
Calculate the remainder when 15051 is divided by 26.
23
Calculate the remainder when 77 is divided by 9.
5
Calculate the remainder when 763 is divided by 59.
55
What is the remainder when 24196 is divided by 8?
4
Calculate the remainder when 610 is divided by 47.
46
What is the remainder when 279 is divided by 4?
3
Calculate the remainder when 119 is divided by 15.
14
What is the remainder when 257 is divided by 80?
17
What is the remainder when 1089 is divided by 68?
1
What is the remainder when 699 is divided by 88?
83
What is the remainder when 2205 is divided by 37?
22
What is the remainder when 48 is divided by 24?
0
Calculate the remainder when 114 is divided by 30.
24
What is the remainder when 386 is divided by 196?
190
Calculate the remainder when 795 is divided by 129.
21
What is the remainder when 244 is divided by 78?
10
What is the remainder when 315 is divided by 32?
27
Calculate the remainder when 390 is divided by 57.
48
Calculate the remainder when 38 is divided by 13.
12
What is the remainder when 826 is divided by 92?
90
What is the remainder when 12764 is divided by 33?
26
Calculate the remainder when 131 is divided by 12.
11
What is the remainder when 128 is divided by 124?
4
Calculate the remainder when 342 is divided by 107.
21
Calculate the remainder when 467 is divided by 167.
133
Calcula